 = 11 - 2. What is the remainder when 25 is divided by d?
7
Suppose -5*k + 17 = -13. What is the remainder when 13 is divided by k?
1
Suppose 0*g - 5*g - 2*a + 21 = 0, a = 3. Suppose g*b = b + 10. Calculate the remainder when 14 is divided by b.
4
Suppose -1 = t, -15 + 45 = f + 4*t. Let y(i) = i**3 + i**2 + i + 12. Calculate the remainder when f is divided by y(0).
10
Let a be 4 + -1 + 0/1. Calculate the remainder when -2 + (37 - (-6 + a)) is divided by 13.
12
Let v be (3 - 21/6)*0. Let i(j) = j**2 + j + 7. What is the remainder when 13 is divided by i(v)?
6
Let q = 52 + -17. Let b = 8 - 6. Suppose 5*r = 5*w + 147 - 47, -4*r + b*w = -76. What is the remainder when q is divided by r?
17
Let u = -211 - -223. What is the remainder when 47 is divided by u?
11
Let z(d) = 5*d**2 - 2. Calculate the remainder when z(2) is divided by 7.
4
Suppose -g = 4*g - 135. Suppose -256 - 164 = -5*h - 5*u, -2*u - 385 = -5*h. What is the remainder when h is divided by g?
25
Suppose -2*l = l + 3. Let u = l + 2. Suppose 14 - u = n. What is the remainder when 25 is divided by n?
12
Suppose -s = -4*q - 13, -5*s - 2*q - 24 = -3*s. Let a = 11 + s. Suppose -2*d + d = -6. Calculate the remainder when d is divided by a.
2
Let n be (-8)/(-10)*(1 - -4). Suppose -2*u = -n*u + 20. What is the remainder when 28 is divided by u?
8
Suppose 5*c - 3*q - 32 = 0, -5*c + 5*q = -7 - 33. Calculate the remainder when 46 is divided by (c/10)/(1/30).
10
Suppose -5*w + 0*w = -255. Suppose -176 = -5*o - w. Let t = o - 18. What is the remainder when 26 is divided by t?
5
Let x be (-5)/10 + 2/4. Suppose 0 = 4*w - x + 4. Let u(l) = -7*l - 1. What is the remainder when 10 is divided by u(w)?
4
Suppose 14 = 3*s - 2*n - 9, -2*n = 4*s - 40. What is the remainder when s is divided by 4?
1
Let f = -74 + 79. Calculate the remainder when 22 is divided by f.
2
Let z(w) = -w**3 + 10*w**2 - w + 13. Let g(c) = 2*c - 4*c**3 + 2 + 5*c**3 - c**2 - c. What is the remainder when g(2) is divided by z(10)?
2
Suppose -i = -2*i + 3*f - 5, 0 = 4*i + 4*f + 68. Let c = 24 + i. What is the remainder when 29 is divided by c?
9
Suppose 0 = 2*v + h - 108, -2*h = 5*v - 6*h - 283. Suppose 2*l = w - 0*w - 25, -4*w - l = -v. Calculate the remainder when w is divided by 4.
3
Let a = -23 + 59. What is the remainder when 143 is divided by a?
35
Let d(p) = p**2 + 8. Suppose 0*q + 8 = 2*q - 4*b, -4*q = 4*b + 44. Let n(h) = -h**2 - 8*h + 3. Calculate the remainder when d(6) is divided by n(q).
14
Let z = 6 + -3. Let x(s) = 34*s - 4. Let j be x(6). Suppose -j = -z*c - 2*c. What is the remainder when c is divided by 14?
12
Let w be (18/(-12))/((-1)/(-62)). Let z = 154 + w. Calculate the remainder when z is divided by 21.
19
Let d(y) = -y**3 - 6*y**2 - 3*y + 4. Calculate the remainder when 109 is divided by d(-6).
21
Let n(y) = -y + 4. Let g be n(12). What is the remainder when (-494)/(-14) - g/(-28) is divided by 18?
17
Let f = -97 + 132. Let r = 37 - 18. What is the remainder when f is divided by r?
16
Let o = -128 - -141. What is the remainder when 21 is divided by o?
8
Suppose -x + 24 = -16. Suppose 2*o - 36 - x = 0. Suppose -20 = 4*c - 5*c. Calculate the remainder when o is divided by c.
18
Let p(o) = -o**2 - 6*o - 2. Let z be p(-5). Let y(a) = z*a + a - 5*a. Calculate the remainder when 13 is divided by y(-7).
6
Suppose 4 = -c + 5*r, -3*c + 0*r + 2*r + 14 = 0. Suppose 2*y + 92 = c*y. Let h = -1 - -9. Calculate the remainder when y is divided by h.
7
Let c = -16 - -22. Suppose 0 = b - c*b - 2*y + 38, 4*y - 12 = -2*b. Calculate the remainder when 30 is divided by b.
6
Suppose -2*u = -3*u + 155. Calculate the remainder when u is divided by 39.
38
Suppose q = 6*q. Suppose q*j + 5*j = 25. What is the remainder when 12 is divided by j?
2
Suppose 3*v - 8 = -2*i, -2*i + 2*v + 20 = 3*i. Suppose -5*w + i*t + 139 = 5*t, -5*w = -3*t - 143. Calculate the remainder when w is divided by 10.
8
Let n(g) = -16*g. Calculate the remainder when 94 is divided by n(-1).
14
Let f be 4/18 + (-194)/(-18). Let t = f + -4. Suppose -5*n + 3*n = -10. What is the remainder when t is divided by n?
2
Calculate the remainder when 53 is divided by (-4 + 4 - 0) + 14.
11
Let x = 491 - 193. Let w be 2/4 + x/4. Let f = -52 + w. What is the remainder when f is divided by 8?
7
Suppose -108 - 248 = -4*v. Suppose -5*q - 2*a = a - v, 4*a = 2*q - 46. Calculate the remainder when 37 is divided by q.
18
Calculate the remainder when 3/(-3)*5*-1 is divided by 2/6 + (-56)/(-21).
2
Let n(x) = -2*x + 4. Calculate the remainder when n(-3) is divided by 6.
4
Let n = 5 + -2. Let y(q) = 0*q - q**2 - 3*q - 2 + 0*q**2 - q**3. Calculate the remainder when y(-2) is divided by n.
2
Let l(p) = -p**2 + p - 3. Let u be l(5). Let j = u + 61. What is the remainder when j is divided by 20?
18
What is the remainder when 5 is divided by (-2)/(1/(3/(-2)))?
2
What is the remainder when -3 - (-1 + -69 + 2) is divided by 22?
21
Let k(y) = 3*y - 1. Calculate the remainder when 77 is divided by k(9).
25
Let u = -50 + 62. Calculate the remainder when 3/6 - 138/(-4) is divided by u.
11
Suppose -4*b + 2*z = 0, 0 = -4*b + 3*z - 4*z + 6. Suppose d + 0 - b = 0. Calculate the remainder when 3 is divided by d.
0
Suppose 157 - 796 = -3*m. Calculate the remainder when m is divided by 12.
9
Let r = -46 - -56. Calculate the remainder when 24 is divided by r.
4
Suppose -5*i + 0*i = -15. Let s(o) = 3*o - 2*o - 1 - o**i + o. Calculate the remainder when 5 is divided by s(-2).
2
Let j(b) be the second derivative of -b**5/20 + b**4/4 - 2*b**3/3 - b**2/2 - 3*b. What is the remainder when j(-3) is divided by 22?
21
Suppose -u + 38 = 4*l, 2*l - 3 = -l. What is the remainder when u is divided by 76/6 - (-8)/(-12)?
10
Let o(y) be the third derivative of 7/6*y**3 + y**2 + 0 + 0*y - 1/60*y**5 + 1/4*y**4. Calculate the remainder when 23 is divided by o(5).
11
Suppose r - 7 = -3*n, -3*n - n + 2*r = -6. What is the remainder when 1 is divided by ((-3)/n)/(12/(-8))?
0
Suppose 0 = 2*o + 5*o - 42. What is the remainder when 33 is divided by o?
3
What is the remainder when ((-3)/3*6)/((-6)/8) is divided by 5?
3
Let y(q) = q**3 - 9*q**2 + 2*q - 9. Let r(z) = z + 5. Let c be r(4). Let j be y(c). What is the remainder when 30/j*6 - 3 is divided by 9?
8
Suppose 5*r - 25 = -0*r. Suppose -r*l + 18 + 27 = 0. Suppose -3*p = -36 + l. What is the remainder when 17 is divided by p?
8
Let d(s) = -s**2 - 10*s + 69. Calculate the remainder when d(0) is divided by 7.
6
Suppose -31 - 14 = -p. Suppose 30 = 2*g + 5*k, -3 = -4*g - 4*k + p. Suppose 3*n - 61 + 4 = 0. Calculate the remainder when n is divided by g.
9
Let p be 12/5 - 6/15. Suppose -3*t + 17 - 3 = -p*b, t = -4*b + 14. Calculate the remainder when 27 is divided by t.
3
Calculate the remainder when (-1)/(2/(-8)) + -2 is divided by 2.
0
Let r = -7 - -39. Suppose r = 2*c - 0*c. Calculate the remainder when 16 is divided by (-8)/3*(-36)/c.
4
Let b(t) = 1 + t**3 + 4*t - 4 + 0 - t**2. Calculate the remainder when (5/(-2))/((-4)/40) is divided by b(2).
7
Let w(n) = -n**2 - 16*n + 2. What is the remainder when w(-14) is divided by 18?
12
Suppose 4*k = 5*k - 3. Suppose -5*y - 43 = -k*f, 0 = -4*f - f - 2*y + 20. What is the remainder when 4/f + 98/6 is divided by 9?
8
Suppose 5*w - 5 = 10. Suppose w*a + i + 0*i = 61, -3*i - 57 = -3*a. What is the remainder when a is divided by 7?
6
Suppose -4*p - 5*z = -180, 0*p - 135 = -3*p + 2*z. Suppose -3*b - p = -6*b. What is the remainder when b is divided by 9?
6
Let o = 22 - 14. Suppose -a + 2*a - 27 = -3*i, 81 = 4*a + 3*i. Suppose a + 38 = 4*r. Calculate the remainder when r is divided by o.
6
Suppose -21 = -4*v + 239. Let t be (v/(-2))/(2/8). What is the remainder when 30 is divided by t/(-8) + (-1)/4?
14
What is the remainder when 5 + -2 + (4 - (-31 - 4)) is divided by 23?
19
Suppose 4*b = -4*k + 220, 3*k = -2*b - k + 114. What is the remainder when b is divided by 11?
9
Suppose 0 = -0*u + u - 16. Let s = -4 - -10. What is the remainder when u is divided by s?
4
Let d(r) = 27*r**3 - r**2 - 3*r + 3. What is the remainder when 100 is divided by d(1)?
22
Suppose -5*q = 9 + 111. Calculate the remainder when (-5)/(-2) - (-68)/8 is divided by q/(-3)*6/8.
5
Let h(q) = q**2 - 2*q + 1. Let y be (-6)/(-21) - 46/14. What is the remainder when (-278)/(-6) + 4/6 is